?
-232
What is 4e (base 16) in base 3?
2220
Convert 20 (base 11) to base 9.
24
What is -135 (base 7) in base 12?
-63
-122 (base 3) to base 5
-32
43 (base 7) to base 4
133
Convert -1 (base 2) to base 3.
-1
Convert 3 (base 5) to base 7.
3
What is 11 (base 8) in base 13?
9
-323 (base 5) to base 13
-6a
What is -1 (base 12) in base 16?
-1
What is -7 (base 9) in base 10?
-7
-23 (base 11) to base 15
-1a
What is 0 (base 9) in base 12?
0
1001 (base 2) to base 16
9
Convert -50 (base 14) to base 8.
-106
0 (base 12) to base 7
0
-22 (base 12) to base 8
-32
Convert 245 (base 8) to base 11.
140
What is b1 (base 16) in base 10?
177
Convert -1 (base 2) to base 15.
-1
Convert 231 (base 6) to base 3.
10101
What is -2 (base 8) in base 15?
-2
2 (base 12) to base 5
2
What is 0 (base 13) in base 9?
0
What is 13 (base 10) in base 2?
1101
What is -2021 (base 3) in base 13?
-49
3 (base 4) to base 11
3
Convert 5 (base 6) to base 11.
5
103 (base 4) to base 2
10011
What is 2 (base 5) in base 14?
2
10 (base 7) to base 8
7
-2 (base 4) to base 9
-2
What is -21 (base 10) in base 16?
-15
What is 12 (base 5) in base 4?
13
Convert -2 (base 7) to base 12.
-2
Convert -25 (base 15) to base 9.
-38
What is 1110101 (base 2) in base 7?
225
Convert -179 (base 14) to base 8.
-457
-41 (base 9) to base 3
-1101
-1c (base 15) to base 14
-1d
9 (base 15) to base 16
9
Convert -20 (base 14) to base 10.
-28
What is -113 (base 8) in base 11?
-69
What is -12 (base 7) in base 9?
-10
Convert -1101 (base 2) to base 4.
-31
What is 19 (base 11) in base 8?
24
What is -88 (base 9) in base 5?
-310
Convert -14 (base 9) to base 7.
-16
-1110010 (base 2) to base 4
-1302
Convert -15 (base 8) to base 16.
-d
Convert -7 (base 11) to base 7.
-10
-102 (base 3) to base 12
-b
What is -50 (base 13) in base 5?
-230
-2 (base 10) to base 8
-2
Convert 121 (base 7) to base 14.
48
3 (base 12) to base 11
3
-2 (base 13) to base 4
-2
-61 (base 9) to base 12
-47
Convert -22 (base 7) to base 13.
-13
What is 48 (base 11) in base 9?
57
Convert -1 (base 3) to base 10.
-1
Convert 2 (base 8) to base 16.
2
-1110010 (base 2) to base 16
-72
What is 0 (base 3) in base 4?
0
Convert -3 (base 10) to base 4.
-3
6 (base 10) to base 16
6
What is -11002 (base 3) in base 2?
-1101110
Convert 26 (base 9) to base 14.
1a
-92 (base 13) to base 4
-1313
What is 7 (base 9) in base 11?
7
What is 10 (base 7) in base 2?
111
-26 (base 12) to base 5
-110
What is 10 (base 4) in base 8?
4
2 (base 11) to base 15
2
What is b (base 16) in base 2?
1011
What is -7a (base 12) in base 3?
-10111
18 (base 10) to base 3
200
Convert -12 (base 6) to base 14.
-8
Convert 20 (base 16) to base 10.
32
Convert -470 (base 9) to base 6.
-1443
-76 (base 10) to base 8
-114
What is -49 (base 10) in base 13?
-3a
What is 71 (base 16) in base 2?
1110001
What is -1 (base 8) in base 12?
-1
Convert -1 (base 14) to base 4.
-1
Convert 1201 (base 3) to base 9.
51
What is -5 (base 10) in base 13?
-5
Convert -29 (base 10) to base 8.
-35
What is -15 (base 9) in base 14?
-10
Convert -2 (base 14) to base 6.
-2
What is -2 (base 7) in base 2?
-10
What is -33 (base 4) in base 9?
-16
Convert -22 (base 9) to base 6.
-32
What is 10 (base 4) in base 6?
4
4 (base 13) to base 6
4
What is -10 (base 5) in base 10?
-5
Convert 2 (base 7) to base 9.
2
Convert -11 (base 5) to base 9.
-6
-c (base 14) to base 8
-14
Convert 4 (base 9) to base 16.
4
What is -3 (base 6) in base 13?
-3
What is 2 (base 5) in base 13?
2
0 (base 11) to base 7
0
What is 14 (base 6) in base 5?
20
517 (base 8) to base 7
656
Convert -320 (base 8) to base 10.
-208
Convert -18 (base 14) to base 4.
-112
What is -3 (base 16) in base 2?
-11
-3 (base 7) to base 5
-3
Convert -121 (base 3) to base 5.
-31
423 (base 7) to base 11
184
-12 (base 4) to base 12
-6
What is -63 (base 8) in base 10?
-51
22 (base 3) to base 9
8
Convert 2 (base 8) to base 13.
2
What is 1 (base 12) in base 5?
1
Convert 4 (base 13) to base 7.
4
What is 43 (base 13) in base 8?
67
Convert 374 (base 8) to base 2.
11111100
Convert 30 (base 6) to base 16.
12
-101 (base 2) to base 3
-12
What is 43 (base 7) in base 6?
51
-56 (base 16) to base 13
-68
-1 (base 4) to base 6
-1
1010 (base 3) to base 9
33
40 (base 9) to base 12
30
What is -2 (base 11) in base 3?
-2
133 (base 4) to base 2
11111
Convert -1001010 (base 2) to base 14.
-54
315 (base 6) to base 9
142
What is -5b (base 13) in base 9?
-84
Convert -1 (base 3) to base 12.
-1
1b6 (base 15) to base 13
246
What is -301 (base 6) in base 9?
-131
What is -12 (base 14) in base 9?
-17
What is -67 (base 10) in base 3?
-2111
Convert 14 (base 16) to base 12.
18
Convert 0 (base 5) to base 4.
0
-10 (base 5) to base 12
-5
Convert 2b (base 14) to base 2.
100111
What is -1a (base 14) in base 2?
-11000
What is -445 (base 6) in base 13?
-104
-1 (base 15) to base 8
-1
Convert 22 (base 4) to base 8.
12
Convert 435 (base 6) to base 10.
167
What is -13 (base 16) in base 4?
-103
What is -12 (base 3) in base 13?
-5
422 (base 5) to base 3
11011
What is 4 (base 16) in base 7?
4
Convert 5 (base 15) to base 14.
5
What is 4 (base 5) in base 7?
4
-143 (base 12) to base 7
-366
What is 10002 (base 4) in base 15?
123
Convert -e (base 16) to base 11.
-13
0 (base 8) to base 12
0
Convert 3 (base 15) to base 14.
3
What is 10 (base 3) in base 8?
3
Convert -1 (base 15) to base 11.
-1
Convert 10111 (base 3) to base 13.
73
Convert -155 (base 8) to base 3.
-11001
526 (base 7) to base 14
14d
Convert 11 (base 12) to base 3.
111
What is 33 (base 12) in base 16?
27
Convert 3 (base 16) to base 15.
3
Convert -20211 (base 3) to base 2.
-10111000
-130 (base 4) to base 13
-22
88 (base 9) to base 14
5a
1020 (base 5) to base 2
10000111
What is 0 (base 11) in base 6?
0
144 (base 13) to base 4
3201
19 (base 10) to base 6
31
What is 3 (base 12) in base 7?
3
What is 20 (base 7) in base 2?
1110
What is 15 (base 10) in base 14?
11
-112 (base 8) to base 9
-82
12 (base 4) to base 13
6
0 (base 2) to base 10
0
Convert 6 (base 15) to base 7.
6
-29 (base 12) to base 3
-1020
Convert -157 (base 11) to base 9.
-223
-1 (base 16) to base 13
-1
What is 1a (base 16) in base 6?
42
What is 1 (base 8) in base 14?
1
1 (base 14) to base 2
1
What is -36 (base 14) in base 6?
-120
Convert 101 (base 9) to base 13.
64
What is -24 (base 14) in base 16?
-20
Convert -28 (base 12) to base 2.
-100000
What is 26 (base 9) in base 15?
19
What is 56 (base 8) in base 10?
46
112 (base 6) to base 13
35
15 (base 8) to base 13
10
-5 (base 11) to base 14
-5
Convert -c3 (base 13) to base 4.
-2133
What is 102 (base 8) in base 12?
56
14 (base 16) to base 9
22
What is -20 (base 14) in base 6?
-44
3 (base 14) to base 16
3
What is -221 (base 4) in base 15?
-2b
47 (base 8) to base 9
43
Convert 4 (base 16) to base 5.
4
Convert 2 (base 15) to base 4.
2
What is -2 (base 10) in base 5?
-2
Convert 102 (base 4) to base 6.
30
What is -a (base 14) in base 13?
-a
Convert 1102 (base 3) to base 13.
2c
100 (base 2) to base 4
10
What is 0 (base 12) in base 16?
0
What is -10 (base 7) in base 14?
-7
-2 (base 11) to base 10
-2
Convert 3 (base 16) to base 8.
3
-5 (base 8) to base 11
-5
1 (base 12) to base 2
1
-149 (base 10) to base 15
-9e
Convert -24 (base 12) to base 4.
-130
Convert -2 (base 7) to base 6.
-2
37 (base 15) to base 4
310
Convert 25 (base 8) to base 3.
210
Convert -15 (base 10) to base 11.
-14
5 (base 13) to base 3
12
What is -11 (base 4) in base 14?
-5
What is 0 (base 12) in base 6?
0
-1011 (base 2) to base 8
-13
Convert -1b (base 12) to base 13.
-1a
Convert 100 (base 2) to base 7.
4
-43 (base 9) to base 6
-103
10001 (base 2) to base 5
32
Convert ff (base 16) to base 12.
193
What is 1 (base 7) in base 5?
1
What is 6 (base 8) in base 6?
10
-35 (base 13) to base 9
-48
What is 0 (base 7) in base 5?
0
What is 65 (base 9) in base 12?
4b
6 (base 10) to base 16
6
21 (base 5) to base 8
13
-12 (base 10) to base 11
-11
28 (base 15) to base 5
123
What is -6 (base 13) in base 3?
-20
Convert 2 (base 13) to base 5.
2
What is -11000100 (base 2) in base 11?
-169
7 (base 9) to base 15
7
4 (base 5) to base 8
4
8 (base 10) to base 3
22
-3 (base 14) to base 2
-11
101101 (base 2) to base 12
39
25 (base 6) to base 14
13
Convert -3 (base 11) to base 9.
-3
-4 (base 8) to base 7
-4
Convert -2d (base 16) to base 8.
-55
What is -100 (base 2) in base 13?
-4
Co